et b(l) = 2*l**2 - 25*l + 31. Let t(u) = 8*b(u) - 3*o(u). Calculate t(-6).
5
Let o(h) = 7*h**2 - 18*h - 90. Let p(q) = -5*q**2 + 19*q + 93. Let v(k) = -3*o(k) - 4*p(k). Give v(-17).
-17
Let y(l) = l**2 + 9*l - 9. Let n be y(-10). Let s(b) be the first derivative of -3*b**3 + b**2 - b - 1194. Calculate s(n).
-8
Let u(l) = l**2 + 9*l + 15. Let a = 196 - 230. Let f(h) = -10*h - 346. Let p be f(a). Give u(p).
-3
Let f(l) = 3*l**3 + 27*l**2 + 56*l - 133. Let o(w) = -8*w**3 - 68*w**2 - 142*w + 332. Let r(k) = 13*f(k) + 5*o(k). Determine r(12).
3
Let w(x) = x - 16. Suppose -2*c + 1 = a + 14, -3*a + 2*c - 63 = 0. Calculate w(a).
-35
Let i(q) = -7*q**3 - q**2 + 22*q**3 - 8*q**3. Let l = -12 + 11. Determine i(l).
-8
Suppose -387 + 396 = 4*n + 3*w, -n - 3*w = -18. Let v = -5 - -8. Let q(r) = -3*r + 0*r**3 + 4*r**3 + 3*r**2 - 2*r**3 + v. Determine q(n).
-15
Let b = -15 + 17. Let s(q) = 26*q**2 + 6*q - 48*q**2 + 13 + 21*q**b. What is s(8)?
-3
Let z(u) = -u**3 + 2*u**2 - u + 15. Let y be z(0). Let n = y - 17. Let p(i) = 2 - 3*i + i + 3*i - 8*i. What is p(n)?
16
Let d(h) be the third derivative of h**6/120 - h**5/12 + 5*h**4/24 - h**3/3 - 156*h**2. Let v = -7 - -18. Suppose -v*w = -6*w - 15. Determine d(w).
-5
Let k(p) = 8*p - 1. Let t = 4781 + -4789. Calculate k(t).
-65
Suppose -6*r - 14 = r. Let p = r + 6. Suppose 0 = -5*j + 1 + p. Let i(t) = -t**2 + t. What is i(j)?
0
Let d(i) = -21*i + 176. Suppose 23*h - 257572 = -257411. Determine d(h).
29
Suppose -5*u - 1309 = -504. Let f = u + 169. Let w(g) = g**3 + 11 - 3*g**2 - g**2 - 4*g**2 - 2*g. Give w(f).
-5
Let j(f) = 777*f - 254 + 223 - 789*f. Calculate j(-2).
-7
Let j be (-1)/(4/(-396)*3). Let q = j - 30. Let f(h) = 6*h + q*h**2 - 2*h**2 - 2 - 4*h. Calculate f(2).
6
Let y = 966 + -954. Let o(l) = -6*l + 87. Calculate o(y).
15
Let g(z) = -46*z + 11. Suppose 0 = -3*h + 2 - 14. Let k be g(h). Let a(u) = -194 + 24*u**3 - u**2 + k + 2*u + 2*u**2. Calculate a(-1).
-24
Let r(a) = -3*a**2 - 24*a + 27. Let t = -11602 + 11594. Give r(t).
27
Let n(m) = -4*m**3 + 18*m**2 - 9*m - 6. Let b(h) = 82*h**2 - 399*h - 51. Let d be b(5). What is n(d)?
-10
Suppose 0 = z + 4*x - 21, -3*x + 5*x - 13 = -3*z. Let j(i) = -26*i - 18. Let y be j(-2). Let v(h) = -8*h**2 - 12*h**2 - y - 2*h + 35. Give v(z).
-21
Suppose -36*s = -34*s - 4. Let l(u) = -108*u**s - 3*u + 2*u + 107*u**2 - 3. Give l(0).
-3
Let q(b) = 7*b + 24. Let x be (-18 + 15)*(-2)/(-4)*2. Give q(x).
3
Let y(p) be the third derivative of p**5/10 - p**4/24 + 5*p**2 + 151*p. Give y(4).
92
Let c(l) = 45*l + 413. Let q(f) = -17*f - 156. Let h(k) = -20*c(k) - 53*q(k). Let i = -8 - -3. Calculate h(i).
3
Let p(b) = 7*b. Let z = 18 - 19. Let d(g) = 8*g + 10. Let j be d(z). Determine p(j).
14
Let o = 24 - 46. Let b = -20 - o. Let z(s) = -12*s + b*s**2 + 10 - 10 + 14*s. What is z(-2)?
4
Let d(q) = 7*q**3 + 18*q**2 + 6*q + 11. Let j(r) = -3*r**3 - 15*r**2 - 5*r - 9. Let a(n) = -5*d(n) - 6*j(n). Give a(-1).
16
Let r(z) = z**3 - z**2 + 4*z + 1. Let t be 4/10*(-109 + 114). Calculate r(t).
13
Let f(s) be the third derivative of s**5/60 - 5*s**4/24 + s**3 + s**2. Suppose -53140 = 3*i - 53155. Calculate f(i).
6
Let u(m) = -3*m - 5. Let f = -34 + 39. Suppose 0 = -2*q + f*y - 3 + 15, 6 = -3*y. Let n be -2 + 1 + -4 + q. Give u(n).
7
Let y(q) be the second derivative of -4*q + 0 + 3/2*q**3 + 0*q**2. Let s = 6791 - 6792. Calculate y(s).
-9
Let x(g) = 2 - 4*g - 3*g + 10*g - 2*g**2 - 11*g. Let f(l) = l**2 - 1. Let v(k) = 3*f(k) + x(k). Calculate v(9).
8
Suppose -4*s + 3*u + 14 = 0, -14 = 5*u - 4. Let m(r) be the second derivative of r**5/20 - r**4/6 - r**3/6 - r**2/2 - 10*r + 61. Give m(s).
-3
Suppose 7*t - 105 = 22*t. Suppose 15 = w + 13. Let n(p) = -2*p**3 + 5*p**2 + 3*p**3 + 6*p + 3*p**w. Determine n(t).
7
Let x be 26/4 - 3/6. Let k(f) = -4*f + 3. Let d(i) = -33*i + 27*i + 13*i - 7. Let g(n) = 3*d(n) + 5*k(n). Give g(x).
0
Suppose -5*f - 22 = -z, 30 = 3*z + 13*f - 16*f. Let l(q) = -q - 14. Give l(z).
-21
Let b(x) = 29*x + 20 + 5 - 628*x**3 + 627*x**3 + 14 - 4 + 28*x**2. Calculate b(29).
35
Let o = -7935 - -7937. Let m(y) = -4*y - 1. Let r(i) = 8*i + 1. Let l(f) = -7*m(f) - 4*r(f). Give l(o).
-5
Let n(g) = g + g**2 - 8*g - 2*g + 4*g + 2. Let p be n(5). Let o(l) be the third derivative of -l**6/40 - l**5/60 + l**4/24 - l**3/6 + 7*l**2 - 11. Give o(p).
-27
Let a be ((-44)/(-56) + (-2)/7)*0. Suppose -4*n + 20 = a, 4*x + x + 10 = 3*n. Let o(d) = -2*d - 6*d**3 + 3*d - x + 5*d**3 + d**2. Calculate o(2).
-3
Let c be (2/3)/((-20)/(-30)). Let j(b) = 139*b**2 - c - 3 + 3 + b - 140*b**2. Give j(-4).
-21
Let q(x) = -6*x + 68*x**2 - 130*x**2 + 0*x + 67*x**2. Give q(4).
56
Let u be ((-264)/84)/(4 + 108/(-28)). Let b(p) = -3*p - 62. What is b(u)?
4
Let m = -233 + 241. Suppose 3*j + 12 = 3*c, -5*c = 5*j + m - 28. Let i(o) = -o + 1. Let s(t) = -t + 1. Let h(x) = -5*i(x) + 3*s(x). Give h(c).
6
Let d(w) = -32*w**2 + 12*w + 16. Let k(y) = -7*y**2 + y + 2. Let o(f) = d(f) - 5*k(f). What is o(-4)?
26
Suppose 0*g + 4*u - 39 = 3*g, -4*u = -5*g - 57. Let k(p) be the second derivative of -9*p - 3/2*p**2 + 4/3*p**3 + 0 + 1/12*p**4. Determine k(g).
6
Let a(b) = -3*b**3 + 3*b**2 - 4*b - 2. Let s = -3110 - -3112. Give a(s).
-22
Let t(k) = 7*k**3 + 3*k**2 + 5*k + 3. Let q(v) = -5*v**3 - 3*v**2 - 5*v - 1. Let n(w) = 4*q(w) + 3*t(w). Determine n(4).
1
Let y(f) = 4*f + 4. Let o(q) = 3*q + 3. Let c = -13 + 20. Suppose -4*g = 4*i + 12, 26*g = 22*g + 2*i - 24. Let a(n) = c*o(n) + g*y(n). Calculate a(6).
7
Let i(x) = -15*x**3 + 1. Let c be -5 + (6 - (-1 + 3)). Let j be (-1)/1 + 1 + c. What is i(j)?
16
Let t = -382 - -386. Let m(q) = -3*q**3 + 0*q**3 + 4*q**3 - 40*q + 5*q**2 + 41*q + t. Calculate m(-5).
-1
Let u be ((-1900)/(-114))/(16/6 - (-1 + 3)). Let r(i) = 4*i - 98. Give r(u).
2
Suppose -490*s + 15926 = 246. Let j(m) = m**3 - 33*m**2 + 29*m + 85. Determine j(s).
-11
Suppose -125089*z + 19 = -125108*z - 0. Let j(x) be the second derivative of -x**4/12 - x**3/3 - x**2/2 + x. Give j(z).
0
Let d(l) be the second derivative of -l**4/12 + 4*l**3/3 - 7*l. Let t(z) = z**3 - 12*z**2 - 14*z + 18. Let m be t(13). Suppose m - 12 = -o. Give d(o).
7
Let c = 4003 - 4000. Let j(v) = 2*v**2 + v - 2. Determine j(c).
19
Let o(w) = -w**2 - 15*w - 23. Let c be o(-11). Let a = c + -18. Let p(l) = 2*l + 11. Let i(m) = -m - 1. Let z(s) = a*i(s) + p(s). Give z(0).
8
Let a be -2 - 6 - -14 - 4. Let m(q) = a*q**3 - 40 + 17 + 25. Determine m(-2).
-14
Let i(v) be the third derivative of 1/12*v**5 + 0 - 53*v + 0*v**3 - 3*v**2 - 1/24*v**4. Give i(2).
18
Let x(s) = -2*s - 170. Let f(t) = 2*t. Let u(v) = 6*f(v) + x(v). Let y(r) = -r + 14. Let a(k) = -3*u(k) - 35*y(k). Calculate a(-5).
-5
Let x(a) be the second derivative of -a**5/20 + a**3/3 + a**2/2 + 2*a + 4. Let d = -109 + 111. Determine x(d).
-3
Let b(i) be the second derivative of -5*i**3/6 - 13*i**2 + 2115*i. Give b(-10).
24
Let o(h) be the third derivative of h**6/360 + h**5/15 + h**4/12 - 11*h**3/6 + 12*h**2 + 2. Let d(t) be the first derivative of o(t). Give d(-3).
-13
Let o(p) = 23*p**3 + 2*p - 2. Let f(r) = -86*r**3 - r**2 - 8*r + 8. Let x(u) = 4*f(u) + 15*o(u). Give x(4).
-6
Let j be ((-153)/34)/(1/(-2)). Let x(m) be the second derivative of -13/2*m**2 - 4 + 5/3*m**3 + 11*m - 1/12*m**4. Determine x(j).
-4
Let m(q) be the second derivative of q**5/20 - q**4/4 + q**3/2 + 9*q**2/2 + 691*q + 2. Determine m(5).
74
Let i(l) = 11 - 13 + 19 - 14 - 3*l + 21*l. Determine i(-3).
-51
Let p(h) = -4*h - h**2 + h**3 - 3 - h + 7. Let o be ((-105)/(-28) - 1/(-4)) + 8. Let r be o/(84/7) - (-4)/2. Give p(r).
7
Let w be 32 - 27 - (-3 + 33). Let j(p) = 2*p + 4. Determine j(w).
-46
Let p = -1143 - -1147. Let a(j) = -5*j - 1. What is a(p)?
-21
Let a(i) be the third derivative of -i**5/30 + i**4/24 + 7*i**3/6 - 73*i**2 + 1. Determine a(5).
-38
Let s be (((-12)/15)/2)/(3/1020). Let g = s + 135. Let x(w) = -1 + 2 - w + 2*w. What is x(g)?
0
Suppose t - 1 = h - 0, 0 = 2*h + 6. Let c = t + 2. Suppose c*y - 6 = -2*y. Let x(n) = n**2 - n - 2. Calculate x(y).
4
Let i(q) = -q. Let m be i(-4). Suppose a - 4 = 2*u, m*u = a - 4 - 0. Let n(k) = -k + 4 + 11*k + u*k - 5*k. Calculate n(-5).
-21
Let i(n) = 4*n**3 - 43*n**2 - 14*n + 7. Let z(f) = 9*f**3 - 106*f**2 - 32*f + 15. Let v(b) = -5*i(b) + 2*z(b). What is v(4)?
-61
Let t(f) = f**2